**2. Is l(b) composite?
False
Let i = 1344 + -625. Is i a prime number?
True
Let x = -18 - -34. Suppose -99 = -5*r + x. Is r prime?
True
Let o(m) = -13*m**2 + m + 2. Let y be o(3). Is 78/(-8)*y/42 prime?
False
Suppose -2*c + 5*c + 3*v - 12 = 0, 3*v = 5*c - 28. Suppose -a - 2*a + 2*h + 259 = 0, 3*h = c*a - 431. Is a a composite number?
True
Let g be 1 + 2 + -5 + 5. Is g + 9/(18/308) prime?
True
Suppose 4*q - q = 0. Suppose -1 - 8 = 3*b, q = 5*g - 2*b - 21. Suppose 0*t - 5*t + 175 = -5*l, g*l + 3 = 0. Is t prime?
False
Let f(a) = a + 7. Let w be f(-6). Suppose 0 = -u - 0*u + w. Is 116/8 + u/2 a prime number?
False
Suppose k = 39 + 17. Suppose p - 205 = -k. Is p a prime number?
True
Let s = 4 - -1. Suppose -r - 76 = -s*r. Is r a composite number?
False
Let l be 218/5 - (-20)/50. Let p(i) = i + 22. Let a be p(0). Suppose 5*h - 3*s - l = 0, 3*h - s - 2 = a. Is h composite?
False
Suppose 0 = -0*w + 5*w - 20, -5*v - 3*w = -172. Suppose -4*z - z + 235 = 0. Let s = z - v. Is s prime?
False
Suppose 11*t - 6641 = -162. Is t prime?
False
Suppose -3*m = 2*m - 55. Let a = -11 + m. Is (3/(-9) + a)*-171 a composite number?
True
Is (2 + (-68)/8)*-2 a prime number?
True
Let x(o) be the second derivative of -1/2*o**2 + 0 + 2/3*o**3 + 2*o. Is x(1) a prime number?
True
Suppose 0 = -2*m + 8, 3 = x + m - 0. Let l(v) = -117*v. Let t(d) = d. Let b(s) = -l(s) - 156*t(s). Is b(x) a composite number?
True
Let q(b) be the first derivative of -11*b**2/2 + 4*b + 2. Is q(-3) composite?
False
Let a(l) = -14*l - 11. Let k(g) be the second derivative of 5*g**3/2 + 6*g**2 - 2*g. Let x(h) = -7*a(h) - 6*k(h). Is x(6) a composite number?
False
Suppose 2*d - 48 = -d. Let r(h) = -10*h**2 - h + 2. Let j be r(1). Let z = d + j. Is z prime?
True
Let t(a) = 66*a**2 + a + 2. Let f be t(2). Suppose -2*r = -6*r + f. Is r a composite number?
False
Suppose -4*l - l = -3*n - 5, -5*n = -3*l - 13. Let t = 5 + -5. Suppose t = n*p - 62 - 173. Is p a composite number?
False
Suppose -3*h = 2*h + 4*r + 21, -3*h = -3*r - 9. Is 2*(140/8 - h) prime?
True
Let v = -486 - -151. Let l = -88 - v. Is l composite?
True
Let r(b) = 38*b**2 - 2*b + 1. Is r(2) prime?
True
Let r = -14 + 53. Suppose 3*d = 2*y + 2*d - 1, 15 = -5*d. Is 0 - 2 - r/y prime?
True
Suppose -f - 2*f = 5*c + 19, -5*f - 25 = 5*c. Let a(s) = -50*s - 1. Is a(f) prime?
True
Suppose 2*s + 2*s = 3*z + 1, -2*s = -z + 3. Let a(k) = -10*k + 6*k**2 + 7 + 6*k + k**3 - 5*k. Is a(z) prime?
False
Let r(o) = -2*o**3 + o**2 + 2*o - 1. Let i(k) = k**3 - 8*k**2 - 10*k + 7. Let s be i(9). Is r(s) prime?
False
Suppose -9 + 66 = 4*z + 3*v, 3*z = -v + 49. Suppose 5*u = -4*j + 86, 117 = 5*j + 2*u + z. Is j prime?
True
Suppose l + 15 - 50 = 0. Let h = l - -4. Is h a composite number?
True
Let j = 2632 - 1755. Is j composite?
False
Let s(o) = -o**2 - 2*o - 1. Let z be s(-1). Let p = 0 + z. Suppose p = i, -3*x + 426 = -x + 3*i. Is x a composite number?
True
Let y(a) = -3*a**2 - a. Let j(r) = -r**2 - r. Let f(u) = -4*j(u) + y(u). Let s be f(-4). Suppose -58 = -s*g - c, -4*c + c = -3*g + 36. Is g prime?
False
Suppose 3*k + 0*k = -3*b + 318, -318 = -3*k + b. Is k prime?
False
Let x be 3/(1*(-6)/4). Let m(t) be the third derivative of -5*t**4/24 - t**3/2 - 2*t**2. Is m(x) a composite number?
False
Suppose -5 = -3*h - 2*h. Suppose 0 = -c - 3, 0 = -z + c - 4 + h. Is z/6*-5*23 prime?
False
Suppose -c - 12 = 3*c, -5*q = 4*c + 22772. Let f be (2/4)/((-4)/q). Let i = f + -334. Is i prime?
False
Suppose -2*i = -36 - 546. Is i a composite number?
True
Let x be (281 - -4)*(-1)/(-3). Suppose -34 = -5*l + v - x, 5*l + 3*v = -77. Let o = l + 27. Is o a composite number?
True
Let y be (2 + 4)*(3 - 1). Let x be y/(-5)*(-70)/3. Suppose m + 19 = x. Is m composite?
False
Let i = 5 - 2. Suppose 5 = -i*m - 583. Let j = 405 + m. Is j a prime number?
False
Suppose -7*o - 4083 = -10*o. Is o prime?
True
Let s = 7426 - 4347. Is s a composite number?
False
Let i = 0 - -3. Is i/(3/(-2)) + 211 prime?
False
Let q be -8 + -1 - (-14 - -11). Is (-2 + 0)*165/q a prime number?
False
Let h = -16 + 44. Let n = 39 - h. Is n prime?
True
Is (2*1)/(8/884) a prime number?
False
Let q(w) = 13*w - 7. Is q(8) prime?
True
Suppose 0*z = z - 5. Suppose -2*k - k + 6 = 0, 4*i - 242 = z*k. Suppose 3*p = -3*q + i, 5*q - 1 = -11. Is p prime?
True
Let b = 48 - 95. Is -1 + (1 - b)/1 a composite number?
False
Let c be ((-6)/4)/(2/(-236)). Suppose c = -5*o + 572. Is o a prime number?
True
Let p = 45 - 32. Let t = -9 + p. Suppose -132 = -0*g - t*g. Is g a composite number?
True
Is ((-14)/21)/(2/(-2661)) composite?
False
Is 19264/3 + (-35)/(-21) composite?
True
Let u(w) = w**2 + w + 10. Suppose 0 = o - 4, -5*s + 3*o + 4 = 16. Is u(s) a prime number?
False
Let i = 72 + -23. Suppose -3 + 18 = 5*j. Suppose j*f = 4*f - i. Is f composite?
True
Let o(y) = 25*y - 23. Is o(6) prime?
True
Let i(u) = -122*u - 43. Is i(-13) a prime number?
True
Suppose 3*l + 2 = 5*w - 10, l + 3*w - 10 = 0. Let i(x) = -x**3 + 6*x**2 - 5*x. Let j be i(5). Suppose 3*m - 75 = -3*g, j = 4*g + l - 9. Is m prime?
True
Let c(r) = -2*r + 1. Let f = -5 + -4. Let y be c(f). Let i = -12 + y. Is i a composite number?
False
Suppose f - 4 = -4*d + 5*f, -f + 14 = 2*d. Suppose -3*h - 88 = 2*g, -d*g - 49 - 27 = 3*h. Let a = 95 - h. Is a prime?
True
Let r(h) = -h + 15. Suppose -5*o - 45 - 5 = 0. Is r(o) prime?
False
Suppose -16 = -5*c + 9. Suppose -c*p = -2*p - 12. Is p prime?
False
Let o(h) = -h**3 - 7*h**2 + h + 10. Let y be o(-7). Suppose 5*w + 269 = 2*g, -w + 251 = y*g - g. Is g a composite number?
False
Suppose -5*a - t = -1 - 3, -a = -5*t + 20. Suppose a = 3*b - 34 - 77. Is b a composite number?
False
Suppose 0 = -3*z + z. Let k(t) = -11*t - 1. Let n be k(-7). Suppose x + 3*x - n = z. Is x prime?
True
Let n(m) = 5*m**2 + 10*m + 11. Is n(12) a prime number?
False
Let r(n) = 177*n - 31. Is r(8) a prime number?
False
Suppose -3*o + 5*o - 172 = 0. Let p = o - 52. Is p a composite number?
True
Let u(x) = 2*x**3 - 4*x**2 + 3*x - 1. Let q be u(2). Suppose -b + q*y + 14 = 0, -19 = -b + 4*y - 7. Suppose 0 = -p, -2*t + 30 = -2*p + b*p. Is t a prime number?
False
Let x be (78/8)/((-2)/(-8)). Is (-1 + -878)*(-13)/x composite?
False
Suppose i - 3*n = 8, 13 = 2*i + 2*n - 5*n. Suppose -2*r + 73 = -a, -i*r + 5*a = 2*a - 182. Is r a composite number?
False
Let t(k) = 10*k - 1. Let y be t(1). Let b(j) = 4*j**3 + 3*j + 9*j**2 - 5*j**3 + 11 - 3. Is b(y) prime?
False
Suppose 0 = -4*s - 20, s - 421 = -3*o + o. Is o a prime number?
False
Let w = -14 + 8. Let x(v) = v + 11. Let i be x(w). Suppose i*z - 365 = -5*l, 3*l - 8*l + 381 = z. Is l a prime number?
False
Let l be (-3)/3 - (-40 - 1). Suppose 0*d = 4*d - l. Is d composite?
True
Let f = 21 - 3. Is 693/f - 1/2 prime?
False
Suppose -3*n = -4 - 11. Suppose -5*f = -4 - 6. Suppose -p - 131 = -3*y - 6*p, 0 = -n*y - f*p + 193. Is y a prime number?
True
Let l be -2 - 0/(6/3). Is (3/l)/(5/(-50)) prime?
False
Let q = 5495 + -3898. Is q composite?
False
Suppose 4*z + 1338 = -3*c + 441, -5*c - 2*z = 1481. Let k = -168 - c. Is k prime?
True
Let t(k) = -17*k + 1. Let i(z) = -2*z**2 - 21*z - 12. Let g be i(-10). Is t(g) composite?
True
Let k = 28 + 9. Is k a composite number?
False
Suppose 6*g - 4*g - 596 = 0. Suppose 3*h - g = 2*h. Is h a composite number?
True
Suppose t + 211 = 2*t. Is t composite?
False
Let a be ((-153)/1)/3*-2. Suppose l - 287 = a. Is l a composite number?
False
Let i = -101 - -57. Let r(z) = -25*z**3 + z**2 - z. Let a be r(1). Let d = a - i. Is d composite?
False
Suppose 0 = 3*o + 2*o - 2*s - 27, 0 = s + 1. Suppose 2*x + 953 = -3*m, 2*x + 2*x - o*m + 1873 = 0. Let g = x + 663. Is g prime?
True
Let r = 25 - -36. Let m = r - -22. Is m composite?
False
Suppose 0 = -5*l + 5, l + 2 = -2*y + 13. Suppose -4*j - y = 3. Is (-3 - 10)/(j/4) prime?
False
Let q(i) = 159*i. Let o = 16 + -15. Is q(o) a composite number?
True
Let f(k) = k - 5. Let h be f(5). Suppose h*o - o - 16 = -4*n, 0 = 5*o. Suppose n*q = 3*q + 259. Is q a prime number?
False
Let s(c) = 11*c**2 - 3*c - 19. Is s(-7) prime?
True
Let l(j) = 2*j**2 + 3*j + 47. Is l(-20) a composite number?
False
Let x(w) = 97*w + 9. Is x(8) a prime number?
False
Suppose -2*d + 2*u - 21 - 51 = 0, -2*d = 5*u + 58. Let m = 93 - d. Is m prime?
True
Suppose -y - 40600 = -5*y. Suppose y = b + b. I